6598 is divided by 952.
942
Calculate the remainder when 6679 is divided by 108.
91
What is the remainder when 261202 is divided by 317?
311
Calculate the remainder when 228575 is divided by 32652.
11
What is the remainder when 8463 is divided by 4217?
29
What is the remainder when 854 is divided by 635?
219
What is the remainder when 456831 is divided by 31?
15
What is the remainder when 496795 is divided by 12?
7
Calculate the remainder when 3677 is divided by 478.
331
Calculate the remainder when 19647 is divided by 385.
12
Calculate the remainder when 8249 is divided by 2047.
61
What is the remainder when 58452 is divided by 325?
277
Calculate the remainder when 33709 is divided by 344.
341
What is the remainder when 288653 is divided by 57728?
13
What is the remainder when 213159 is divided by 53288?
7
What is the remainder when 361112 is divided by 4458?
14
What is the remainder when 5034 is divided by 39?
3
What is the remainder when 108315 is divided by 169?
155
Calculate the remainder when 2954 is divided by 2914.
40
Calculate the remainder when 47841 is divided by 23919.
3
What is the remainder when 409 is divided by 261?
148
What is the remainder when 36376 is divided by 36209?
167
What is the remainder when 1000 is divided by 500?
0
What is the remainder when 6106 is divided by 2005?
91
Calculate the remainder when 32468 is divided by 219.
56
What is the remainder when 223729 is divided by 152?
137
Calculate the remainder when 25072 is divided by 35.
12
Calculate the remainder when 20606 is divided by 90.
86
What is the remainder when 6822 is divided by 133?
39
What is the remainder when 103333 is divided by 61?
60
What is the remainder when 28210 is divided by 29?
22
What is the remainder when 39507 is divided by 82?
65
What is the remainder when 31232 is divided by 231?
47
Calculate the remainder when 15856 is divided by 95.
86
Calculate the remainder when 29095 is divided by 866.
517
Calculate the remainder when 10991 is divided by 133.
85
What is the remainder when 16959 is divided by 16864?
95
Calculate the remainder when 6226357 is divided by 7.
4
Calculate the remainder when 6042 is divided by 1911.
309
Calculate the remainder when 8326 is divided by 107.
87
Calculate the remainder when 5042 is divided by 2304.
434
What is the remainder when 48311 is divided by 525?
11
What is the remainder when 1340143 is divided by 45?
43
Calculate the remainder when 1524 is divided by 1507.
17
Calculate the remainder when 431308 is divided by 13.
7
Calculate the remainder when 25275 is divided by 2104.
27
Calculate the remainder when 11677 is divided by 3809.
250
Calculate the remainder when 81711 is divided by 24.
15
What is the remainder when 10841 is divided by 43?
5
Calculate the remainder when 67132 is divided by 167.
165
Calculate the remainder when 291113 is divided by 259.
256
What is the remainder when 709437 is divided by 37?
36
What is the remainder when 180742 is divided by 34?
32
What is the remainder when 124332 is divided by 124328?
4
Calculate the remainder when 1448 is divided by 435.
143
Calculate the remainder when 11518 is divided by 1276.
34
What is the remainder when 214089 is divided by 71363?
0
Calculate the remainder when 233100 is divided by 116550.
0
Calculate the remainder when 24259 is divided by 2424.
19
Calculate the remainder when 4842 is divided by 90.
72
Calculate the remainder when 797 is divided by 78.
17
What is the remainder when 605117 is divided by 32?
29
Calculate the remainder when 3989 is divided by 686.
559
What is the remainder when 8979 is divided by 101?
91
What is the remainder when 51782 is divided by 52?
42
Calculate the remainder when 3154 is divided by 121.
8
What is the remainder when 1617 is divided by 36?
33
What is the remainder when 13130 is divided by 3272?
42
Calculate the remainder when 4747 is divided by 39.
28
Calculate the remainder when 1634 is divided by 320.
34
What is the remainder when 9787 is divided by 3259?
10
What is the remainder when 2727 is divided by 115?
82
What is the remainder when 3288 is divided by 120?
48
Calculate the remainder when 594 is divided by 114.
24
What is the remainder when 268240 is divided by 20633?
11
Calculate the remainder when 108442 is divided by 14.
12
Calculate the remainder when 28211 is divided by 94.
11
What is the remainder when 6531 is divided by 363?
360
Calculate the remainder when 161385 is divided by 62.
61
Calculate the remainder when 59315 is divided by 19.
16
Calculate the remainder when 15010 is divided by 2.
0
What is the remainder when 87641 is divided by 75?
41
Calculate the remainder when 41206 is divided by 303.
301
Calculate the remainder when 378814 is divided by 22.
18
What is the remainder when 137789 is divided by 21?
8
What is the remainder when 5601 is divided by 318?
195
What is the remainder when 49520 is divided by 283?
278
What is the remainder when 4489 is divided by 344?
17
Calculate the remainder when 4742 is divided by 1356.
674
Calculate the remainder when 10158 is divided by 4677.
804
Calculate the remainder when 105742 is divided by 105634.
108
What is the remainder when 47580 is divided by 311?
308
Calculate the remainder when 126 is divided by 71.
55
What is the remainder when 12287 is divided by 5753?
781
What is the remainder when 3822 is divided by 237?
30
Calculate the remainder when 2461 is divided by 724.
289
What is the remainder when 6254 is divided by 530?
424
Calculate the remainder when 722359 is divided by 2106.
1
Calculate the remainder when 6121 is divided by 107.
22
Calculate the remainder when 659481 is divided by 659465.
16
What is the remainder when 2849 is divided by 115?
89
What is the remainder when 5980 is divided by 460?
0
What is the remainder when 15213 is divided by 507?
3
Calculate the remainder when 52918 is divided by 11.
8
What is the remainder when 14619 is divided by 76?
27
What is the remainder when 612 is divided by 518?
94
What is the remainder when 9781 is divided by 141?
52
Calculate the remainder when 1173 is divided by 15.
3
Calculate the remainder when 823722 is divided by 21.
18
What is the remainder when 1275 is divided by 57?
21
What is the remainder when 204559 is divided by 40887?
124
Calculate the remainder when 2335 is divided by 92.
35
What is the remainder when 210676 is divided by 198?
4
Calculate the remainder when 128014 is divided by 127.
125
What is the remainder when 98305 is divided by 4096?
1
Calculate the remainder when 232370 is divided by 301.
299
Calculate the remainder when 23046 is divided by 11514.
18
What is the remainder when 15386 is divided by 18?
14
What is the remainder when 40063 is divided by 50?
13
Calculate the remainder when 23012 is divided by 7667.
11
Calculate the remainder when 8263 is divided by 1026.
55
What is the remainder when 10815 is divided by 601?
598
Calculate the remainder when 5197 is divided by 1894.
1409
What is the remainder when 3219221 is divided by 2948?
5
Calculate the remainder when 47838 is divided by 11.
10
What is the remainder when 2845 is divided by 922?
79
Calculate the remainder when 13139 is divided by 43.
24
Calculate the remainder when 437883 is divided by 42.
33
Calculate the remainder when 5277056 is divided by 855.
851
What is the remainder when 38021 is divided by 12?
5
Calculate the remainder when 367773 is divided by 73.
72
What is the remainder when 103645 is divided by 1346?
3
Calculate the remainder when 69282 is divided by 49.
45
What is the remainder when 391854 is divided by 259?
246
What is the remainder when 2721 is divided by 2?
1
Calculate the remainder when 14389 is divided by 89.
60
Calculate the remainder when 548622 is divided by 475.
472
Calculate the remainder when 427 is divided by 19.
9
What is the remainder when 8391 is divided by 8384?
7
Calculate the remainder when 2283 is divided by 262.
187
What is the remainder when 2429 is divided by 817?
795
Calculate the remainder when 22482 is divided by 1220.
522
What is the remainder when 58109 is divided by 128?
125
What is the remainder when 1264 is divided by 5?
4
Calculate the remainder when 43170 is divided by 301.
127
What is the remainder when 75444 is divided by 17?
15
What is the remainder when 2671 is divided 